0, 0 = 3*a - 15. Give k(b).
-7
Let k(h) = -4*h - 4. Let b be -1 - ((-1)/(-1) + -1). Let d = b - 3. Calculate k(d).
12
Let a be 24/(-36)*(-9)/2. Let d(h) = 2*h**2 - 2*h. Determine d(a).
12
Let h be 4/(144/33) + (-3)/12. Let f(x) be the third derivative of 1/120*x**6 + 0 + 1/20*x**5 - 1/12*x**4 - h*x**3 + 0*x - 2*x**2. Calculate f(-3).
2
Let u(v) = -3*v + 3 + 0 + 3*v**2 + 3. Let d(q) be the first derivative of 5*q**3/3 - 3*q**2 + 12*q + 2. Let p(m) = 4*d(m) - 7*u(m). Give p(-5).
-4
Let d(s) = 3*s - 1 + 2 - 2*s**2 + 3. Determine d(3).
-5
Let q(a) = -6*a**2 - 9*a + 3. Let b(h) = 7*h**2 + 10*h - 3. Let v(w) = -5*b(w) - 6*q(w). What is v(-5)?
2
Let z(f) = f**3 + f**2 + f + 1. Let o(q) be the second derivative of q**4/3 + 2*q**3/3 + 5*q**2/2 - 3*q. Let l(r) = -o(r) + 4*z(r). What is l(-1)?
-5
Let m(k) be the first derivative of 5 - 1/2*k**2 - k. Determine m(4).
-5
Let h(k) = -k**3 + 6*k**2 - 3*k - 4. Let p be h(5). Let v be p/3 - (0 + 0). Let x(d) = -2*d + d + v + 1. Give x(0).
3
Let n(y) be the first derivative of 1/60*y**5 + 0*y + 2 + y**3 - 1/24*y**4 + 0*y**2 + 1/45*y**6. Let m(v) be the third derivative of n(v). Calculate m(1).
9
Let f(x) = x - 1. Let t be f(-4). Let g(h) = -h**2 - 9*h - 9. Let k(u) = -u - 2. Let w(o) = -g(o) + 5*k(o). What is w(t)?
4
Suppose -13 = -5*n + 2. Let a(w) be the third derivative of -w**6/360 + w**4/12 + 2*w**2. Let h(o) be the second derivative of a(o). What is h(n)?
-6
Let b(g) be the first derivative of g**6/360 - g**5/40 + g**4/24 + g**3/3 - 1. Let m(i) be the third derivative of b(i). Let w be -4 - (3 - 11) - 1. Give m(w).
1
Let u(f) be the third derivative of 7*f**4/24 - f**3/6 + 6*f**2. Let d = 7 - 6. Calculate u(d).
6
Suppose 0*j = j + 3. Suppose -4*f = 5*l - 2, 4*l - 2*l - 5*f = 14. Let s(b) = 0 - 6*b - b**l - 5 + 1. Determine s(j).
5
Let h(v) = -7*v**2 - 12*v - 17. Let s(z) = -2*z**2 - 8 - z - 5*z + 3*z**2 - 4*z**2. Let n(f) = 2*h(f) - 5*s(f). Determine n(-6).
6
Let a(r) be the third derivative of -r**6/120 - r**5/15 + r**4/12 + 2*r**2. Suppose -2*c - g - 7 - 6 = 0, -5*c = -3*g + 5. Determine a(c).
-8
Let f(w) be the first derivative of w**2/2 + 2*w - 11. Determine f(-6).
-4
Let r(a) = 7*a**3 + a**2 - a. Let y be r(1). Suppose y - 22 = -5*p. Let j(l) = 2 + 2*l - 5*l + 0*l. Determine j(p).
-7
Let n(v) = v**3 + 5*v**2 + 2*v + 3. Let y(c) = c**2 - 4*c + 2. Let j be y(2). Give n(j).
11
Let q(y) = y**3 - 4*y**2 - 7*y + 5. Let i be (-2 - -4) + -3 + -7. Let d be (-154)/8 + 6/i. Let w be (d/(-16))/(2/8). Determine q(w).
-5
Let w = 2 - 6. Let b(d) = d + 5. Calculate b(w).
1
Let u(n) = n**2 - 6*n - 5. Let l be u(6). Let x(k) = k**3 + 6*k**2 + 4*k. Give x(l).
5
Let q(o) = 5*o**2 + 8*o - 1. Let b be 23/7 + 6/(-21). Let a(z) = 4*z**2 + 7*z - 1. Let k(m) = b*q(m) - 4*a(m). What is k(-3)?
4
Let x(d) = -4*d + 0*d**2 + d**2 - 6 + 8 + 2. Calculate x(4).
4
Let s(o) = -o**2 + o + 3. Let b(x) = x + 1. Let u(z) = 2*b(z) - s(z). Suppose -9 = 4*p + 15. Let k = p + 2. Calculate u(k).
11
Suppose -a - 8 = -2*z, 2*a - z + 16 = 2*z. Let c(m) = 2*m + 10. Calculate c(a).
-6
Let b(a) = -a**2 + 4*a - 3. Let j be 1 - 3/((-6)/4). Determine b(j).
0
Suppose 0 = -0*m - 4*m. Let r(t) = -3 + 1 + 4*t + m. Let l(b) = b - 8. Let a be l(6). Give r(a).
-10
Let i be ((-15)/(-9))/((-1)/(-3)). Let k(g) = -2*g**3 + 3*g**3 + 5 + 3*g + 0*g**3 - i*g**2. Calculate k(4).
1
Let u(k) = k - 2*k**2 + 2*k**2 + 2*k**2. Let b(o) = -o**2 - 6*o + 10. Let f be b(-7). Suppose -3*y + 4*a = -2 - 4, f = 3*y - 3*a. Calculate u(y).
6
Let t(q) = q + 4. Let l(r) = -r - 1. Suppose j - 5*j = 4. Let u(k) = 8*k + 4. Let o(y) = j*u(y) - 5*l(y). Let i be o(2). What is t(i)?
-1
Let b(m) = m + 6. Let u(j) = j. Let n be u(3). Suppose -s + 10 = -n*s. Determine b(s).
1
Suppose -2*y + 2 = -3*b, -y = -3*b + 2*b - 1. Let z(f) = b - 9 + 2*f**2 + 13*f - 6*f + 7. What is z(-5)?
13
Let v = -13 + 12. Let h(m) = -4*m + 1. Calculate h(v).
5
Suppose 5*w = 2*t - 30, 2*w = 3*w - 3*t + 19. Let s(h) be the second derivative of h**5/20 + h**4/3 - h**3/3 + h**2 - h. Determine s(w).
10
Suppose -9*t = -8*t - 2. Suppose 0*p + 5*n = -t*p - 1, 0 = 4*p + 5*n + 7. Let k(g) = -g**3 - 2*g**2 + 5*g + 2. Calculate k(p).
-4
Let m be (3 + (-36)/8)*-2. Let l(i) = m - 9 + 10 + 5*i. Give l(-3).
-11
Let l(z) = 5*z - 6. Let j(u) = -3*u + 4. Let w(y) = 7*j(y) + 5*l(y). Let p(d) = -6*d + 3. Let m(g) = -5*p(g) - 7*w(g). What is m(-1)?
-3
Let l(u) be the second derivative of u**5/20 - u**4/3 - u**3/2 - 3*u**2 - 3*u. Determine l(5).
4
Let t be 8 - 0 - 15/5. Suppose 2 = 2*h + 8, -h = -t*s + 48. Let q = s + -7. Let p(k) = -k**2 + 3*k - 2. Give p(q).
0
Let o(q) = 3*q**2 + 4*q + 4. Let w(g) = -g**2 - 1. Let m(l) = o(l) + 2*w(l). Calculate m(-4).
2
Let j be (1 + -2)*(-1 - -3). Let t(p) be the third derivative of -1/6*p**4 + 7*p**2 + 0*p - 1/2*p**3 + 0. Calculate t(j).
5
Let k(y) = -y**2 - 14*y - 8. Suppose 41 = -3*z + 2*a, 0*a = 2*z + 3*a + 23. Calculate k(z).
5
Let j be (-81)/15 + (-21)/35. Let i(r) = 2*r + 1. Determine i(j).
-11
Let w = 14 - 16. Let a(n) = n**2 + 2*n + 3. Determine a(w).
3
Let n(d) = -2*d**3 + 3*d**2 - 2*d - 1. Let b(r) = r**3 - r + 1. Let m(z) = -3*b(z) - n(z). Calculate m(-4).
-6
Let a(u) = 11*u**2 - 5*u + 20. Let b(d) = 7*d**2 - 3*d + 13. Let l(x) = -5*a(x) + 8*b(x). What is l(0)?
4
Let f(a) = -3*a + 0*a**2 + 6 + a**2 - 2*a. Suppose -o + 1 = -2. Let m be ((-4)/o)/((-8)/24). Give f(m).
2
Let g(t) be the first derivative of -5 - t - 1/2*t**2. Determine g(-3).
2
Let q(t) = 2*t - 21. Let w(u) = -u + 1. Let r(l) = -q(l) - 3*w(l). Determine r(0).
18
Let s(v) = -4*v**2 + 6*v + 2. Let g(p) = -5*p**2 + 6*p + 2. Let x(a) = 3*g(a) - 4*s(a). Give x(7).
5
Let l(f) = f**3 + f**2 - 7*f + 5. Let m(a) = -a**2 - 1. Let b(g) = l(g) - 6*m(g). Give b(-8).
3
Let a(o) be the first derivative of o**4/4 + 2*o**3 + 2*o**2 + 7*o + 22. What is a(-6)?
-17
Let y(j) be the second derivative of 1/6*j**3 - 1/2*j**2 + 0 + 4*j. What is y(6)?
5
Let f(o) be the first derivative of o**5/60 - o**3 - 3. Let d(l) be the third derivative of f(l). Suppose 8*q = 3*q - 15. What is d(q)?
-6
Let z(u) be the second derivative of u**4/4 + u**3/6 - u**2/2 - 15*u. What is z(1)?
3
Suppose 3*k + k = 8. Let t(q) = -k*q - 2*q**2 + 8*q - 1 + q**2 + 4. Give t(6).
3
Let s(u) = -u**3 - 6*u**2 - 6*u - 3. Suppose -2*k - 2*m - 4 = -6*m, -m + 19 = 4*k. Suppose -k*y - 2*q + 35 = 3*q, -4*q = 4. Let z = y - 14. Calculate s(z).
-11
Let w(k) be the third derivative of 5*k**4/24 - k**3/2 - 2*k**2. Suppose -4*p = -4*y + 8, -y = 4*p + 2*y - 20. Calculate w(p).
7
Let q(p) = -p**2 - 7*p - 5. Suppose 4*o + 20 = -0. What is q(o)?
5
Let a = 0 + 7. Let r(t) = -3*t + a - 7. Calculate r(2).
-6
Let f(p) = -p**3 + 6*p**2 - p - 5. Suppose -25 = -q - 4*q. Calculate f(q).
15
Suppose 0 = 3*n + x - 26, 0 = 3*n - 4*x - 2 - 14. Let p(f) = -f**2 + 7*f + 10. Give p(n).
2
Let s(i) = 8*i + 2. Suppose 5*x - 5*w = 55, 1 = 5*x - 3*w - 46. Let p = 5 - x. Calculate s(p).
-14
Let z = -1 - -9. Let x be ((-4)/7)/(z/(-28)). Let f = 1 - x. Let n(w) = -8*w**3 + w**2 + w + 1. Give n(f).
9
Let g(z) = -z**3 + 4*z**2 - z + 3. Let o = -18 - -21. Determine g(o).
9
Suppose -4*c + 20 = 4*a, -5*a = -0*a - 25. Let l(s) = -5*s + 26. Suppose -4*d - 21 = 23. Let g(r) = r - 5. Let m(h) = d*g(h) - 2*l(h). Give m(c).
3
Let p(o) be the third derivative of 1/12*o**4 + 0*o**3 - 4*o**2 + 0*o + 0. What is p(-2)?
-4
Let u(h) = -4*h + 10. Let z be u(4). Let a(i) = i + 3. Give a(z).
-3
Let u(w) = -5*w**2 + w. Let p = -13 - -15. Let x = 3 - p. Determine u(x).
-4
Let h(m) = m + 6. Let b be h(-4). Suppose -j + 16 = 2*d, b*d - 4*d + 20 = 3*j. Let n(u) = -u**3 + 7*u**2 + 5. Give n(d).
5
Let z(v) = 6*v - 5. Let a be z(2). Let q(b) = 3 + 2*b + 1 + 5*b + b**2 - 2*b**2. Give q(a).
4
Let j be 9/459*6 - (-223)/(-17). Let p(f) = f**3 + 12*f**2 - 12*f + 15. What is p(j)?
2
Let p(w) be the first derivative of -w**4/4 + w**3/3 + 5*w - 7. Calculate p(0).
5
Let b(s) = -5*s + 5*s - 3*s + s**2. Give b(4).
4
Let s(c) = c + 14. Suppose h = 2*x + 21, 5*h + 19 = -4*x - 16. Calculate s(x).
4
Let r(g) = g + 1. Let z(y) = -y - 4. Let u(x) = 3*r(x) + z(x). Suppose 2*m = 4*d + 24, -4*m = -5*d - 20 - 13. What is u(m)?
3
Let h(u) = u**2 - 5*u - 1. Let v be h(6). Let y(m) = -5*m**2 - 4*m + 3 + v*m**2 + 2*m**2. Let d be ((-2)/(-5))/((-2)/(-10)). Determine y(d).
3
